-6) is divided by 8?
6
Suppose 0 = 5*t - 11*t + 330. What is the remainder when t is divided by 29?
26
Let u(k) = k**2 + 3*k + 4. Let x be u(-3). Suppose -p + 1 = -x. Calculate the remainder when 14 is divided by p.
4
Let d(b) = 3*b - 21. Let u(a) = 8*a - 63. Let x(m) = 11*d(m) - 4*u(m). Let n(z) = 4*z**2 - z + 1. Calculate the remainder when n(-3) is divided by x(0).
19
Let x be 2/3*75/2. Suppose t = -2*u + 21, 3*t - 2*u = 54 + x. What is the remainder when t is divided by 9?
7
Suppose 5*a + 2*p - p = 24, -a - 16 = -5*p. Suppose a*q = 66 + 6. What is the remainder when 51 is divided by q?
15
Suppose 0 = w + w + 2. Let x be -5*(18/(-5))/1. Let h = w + x. What is the remainder when h is divided by 9?
8
Let v = -8 - -16. What is the remainder when v is divided by (-2 - 0)*6/(-4)?
2
Let f(q) = -q + 14. Suppose 2*m = 2*d - 5*d + 39, -2*d = 3*m - 26. What is the remainder when d is divided by f(9)?
3
Let v be (-6 - -1)*(-4)/4. Suppose -5*h + 2*u + 35 = -54, 0 = v*h + 3*u - 79. Calculate the remainder when 49 is divided by h.
15
Suppose 4*h + f - 79 = 2*h, h = f + 44. What is the remainder when h is divided by 3?
2
Suppose 0 = -2*z + 45 - 41. What is the remainder when 2 is divided by z?
0
Suppose -3*z - 2*r - 7 = -164, z + 4*r = 59. Calculate the remainder when z is divided by 18.
15
Let g be (-3)/(-6)*0 - 46. Let l = -22 - g. What is the remainder when l is divided by 13?
11
Suppose 116 = 16*o - 12*o. What is the remainder when 56 is divided by o?
27
Let k(r) = 2*r**3 - 2*r**2 - r. Suppose 0 = -0*u - 2*u + 4. Let g = -3 + 7. What is the remainder when k(u) is divided by g?
2
Let r(z) = -z**2 + 5*z - 7. Let u be r(3). What is the remainder when 4 is divided by 6/3 + u - -2?
1
Suppose 3*p + 5*g + 24 = 4, g + 4 = 3*p. Suppose 0*k - 4*k + 12 = p. Let w = -9 - -11. Calculate the remainder when k is divided by w.
1
Let t(a) = a**3 + 14*a**2 + 12*a - 9. Let m = -5 + 16. Calculate the remainder when m is divided by t(-13).
3
Suppose -5*j = -2*v - 0*j + 18, -5*v + 2*j + 24 = 0. Suppose -v*d + 24 = -2*d. Suppose 3*x - 75 + 9 = 0. Calculate the remainder when x is divided by d.
10
Calculate the remainder when (-32)/(-112) - 152/(-7) is divided by 12.
10
Let r = -5 - -52. Let k(o) = -2*o - 4. Calculate the remainder when r is divided by k(-10).
15
Suppose -451 - 163 = -4*c - 3*l, -2*c + 2*l = -300. Let j = c + -68. Suppose -5*h + j = -2*h. What is the remainder when h is divided by 15?
13
Let n = -11 + 16. Suppose -n*z = 5*m - 83 - 7, -2*z + 18 = -4*m. Calculate the remainder when z is divided by 4.
3
Suppose d = 4*g + 77, -5*d + 223 = -2*d - 4*g. Calculate the remainder when d is divided by 38.
35
Let t(w) = w**2 + 5*w + 2. Let g = -4 + 8. What is the remainder when t(g) is divided by 13?
12
Suppose t + 0*t + 1 = 0. Let m(b) = 8*b**2 + b. Let u be m(t). Suppose v + 2 = u*c - 2*c, v = 2*c + 1. Calculate the remainder when 2 is divided by c.
0
Let k(t) = -t**2 + 7*t - 6. Let p be k(5). Let a(u) = 2*u - 6. Let l be a(p). Suppose 0 = -l*x + 6*x - 48. Calculate the remainder when x is divided by 7.
5
Let h(r) = -2*r - 10. Let y be ((-14)/8)/(8/32). Calculate the remainder when h(y) is divided by 3.
1
Let n(r) be the third derivative of 7*r**4/24 - r**3/2 - 2*r**2. Let i = 97 - 66. What is the remainder when i is divided by n(2)?
9
Suppose -3*x - 788 = -4*x. Suppose 2*l + 387 = 5*o, 3*l + 4*o + x = -l. Calculate the remainder when l/(-8) + 1/2 is divided by 9.
7
Let x = 96 + -66. What is the remainder when 58 is divided by x?
28
Let h(c) = 3*c**2 - c - 2. Suppose 5 - 1 = y. Suppose y*b = -4, -5*b - 2 = -0*d + d. What is the remainder when h(d) is divided by 8?
6
Suppose 0 = 4*q + 5 - 1. What is the remainder when 30 is divided by q - (-13 + 2 + 2)?
6
Let w(g) = -2*g**3 + g**2 + 4 + 7*g**3 - 4*g**3 - 5*g. What is the remainder when w(4) is divided by 22?
20
Let l = 79 + -54. Let u = -12 + 26. What is the remainder when l is divided by u?
11
Suppose -i - 249 = 2*i. Let t = -45 - i. What is the remainder when t is divided by 1/(-2) - 108/(-8)?
12
Suppose -l + 60 = 3*l. Calculate the remainder when 162 is divided by l.
12
Let m(n) = n**2 - 18*n + 79. Let l be (-165)/(-6) - (-2)/(-4). Let t = l - 15. Calculate the remainder when t is divided by m(6).
5
Suppose -11*c + 100 = -9*c. Let s = 10 + 7. Calculate the remainder when c is divided by s.
16
Suppose -33*p + 37*p - 188 = 0. What is the remainder when p is divided by 12?
11
Let r = 16 + -11. Let v(a) be the second derivative of a**4/4 - a**3/6 - 2*a. What is the remainder when v(-2) is divided by r?
4
Let y(h) = 5*h - 8. What is the remainder when y(6) is divided by 1*(4 + 5) + -2 + 1?
6
Suppose 0 = -12*h + 8*h + 48. What is the remainder when 45 is divided by h?
9
Suppose -50 = -4*u - u. Suppose -9 = -2*x + 5*r + 32, -x = -5*r - 23. Calculate the remainder when x is divided by u.
8
Let u(a) = 12*a - 22. What is the remainder when u(14) is divided by 37?
35
Let w = -12 - -18. Suppose w*s - 33 = 3*s. Suppose -160 = -9*y + 4*y. Calculate the remainder when y is divided by s.
10
Let m(h) be the first derivative of -2 + 1/2*h**2 + 2/3*h**3 - 3*h. Calculate the remainder when m(-4) is divided by 7.
4
Suppose -3 = 5*x - 78. Calculate the remainder when 19 is divided by (1 - x)*(-2)/4.
5
Calculate the remainder when (2/(8/(-86)))/((-4)/16) is divided by 15.
11
Suppose 2*s + 10 = 0, 22 = 4*k - 3*s - 9. Let d = k + -2. Suppose z + d*z = 6. Calculate the remainder when 3 is divided by z.
1
Let f = 28 - 26. What is the remainder when 7 is divided by f?
1
Suppose 2*r - 215 = 5*l - 528, 0 = -3*l + 2*r + 187. What is the remainder when l is divided by 33?
30
Let j be 3/6 + 6/4. Let i = 14 - 4. What is the remainder when i is divided by (j/4)/(3/36)?
4
Suppose -5*b - 35 = -c, -c - c = -3*b - 84. Calculate the remainder when c is divided by 23.
22
Let k = 19 - 10. Calculate the remainder when 70 is divided by k.
7
Let u(c) = -6*c - 13. Calculate the remainder when 54 is divided by u(-4).
10
Suppose -2*l - 53 = -3*o, -3*o + 2*l + 59 = 3*l. Calculate the remainder when 93 is divided by o.
17
Let a(t) = 12*t - 3. Let d(i) = i**3 - 2*i**2 - 2*i + 9. What is the remainder when a(3) is divided by d(3)?
9
Let l = -5 - -7. Suppose -c - 5*n - 16 = -l*c, 0 = -4*c - 3*n + 18. Suppose -u = -5 - c. Calculate the remainder when 31 is divided by u.
9
Let t(m) = 2*m - 4. Let y = -2 - 0. What is the remainder when 12 - (2 + y + 1) is divided by t(5)?
5
Let k = 116 + -166. Let s = 85 + k. What is the remainder when s is divided by 9?
8
Let o = 9 + -4. Let v = -11 - -7. Let d(u) = u**2 + 3*u - 1. What is the remainder when o is divided by d(v)?
2
Suppose -4*m + 40 = -2*m - 3*c, -2*m + c = -32. What is the remainder when m is divided by 5?
4
Let l(x) = 2*x**2 - 15*x - 4. What is the remainder when 68 is divided by l(9)?
22
Suppose -2*h = 3*q, 5*q - 5*h = -2*h. Suppose -j = -5*c - 47, 4*j = -3*c - q*c + 96. Calculate the remainder when j is divided by 14.
13
What is the remainder when 196 is divided by (-8)/44 + 1460/44?
31
Suppose 0*r - 3*r + 9 = 0. Suppose g = -0*g - r. Let u = 11 - g. What is the remainder when 41 is divided by u?
13
Let t = -1 + 11. What is the remainder when 17 is divided by t?
7
Let o = -25 + 27. What is the remainder when 5 is divided by o?
1
Let q(a) = 3*a**2 - 3*a - 4. Calculate the remainder when q(-2) is divided by 5.
4
Let i(q) = q**2 + 9. Let w(y) = y**2 + 1. Let o be w(-3). Calculate the remainder when i(0) is divided by 54/o - (-6)/(-15).
4
Suppose -172*n - 52 = -174*n. What is the remainder when 76 is divided by n?
24
Let p(q) = 4*q**2 + 2. Let a be ((-4)/(-5))/((-14)/(-35)). Suppose 3*d = 3*v + 87, 151 = 4*d + v + a*v. What is the remainder when d is divided by p(-2)?
16
Let l(c) = -c**2 + 12*c + 2. Suppose 0 = -4*x, -98 = -5*d + x + 47. Suppose 3*y - 3 = 0, j - y + d = 5*j. Calculate the remainder when l(11) is divided by j.
6
Suppose z - 84 = -2*z. Let q = -13 + 17. Suppose f - 5*a = q*f - 40, -30 = -2*f - 5*a. Calculate the remainder when z is divided by f.
8
Let k(a) = -a - 4. What is the remainder when 42 is divided by k(-19)?
12
Let i = -9 + 56. Suppose -5*n - 15 = 0, -6*n + 1 = m - n. What is the remainder when i is divided by m?
15
Let c(t) = 2*t**2 - 11*t - 3. What is the remainder when c(8) is divided by 